{"id":2287,"date":"2019-03-09T09:57:44","date_gmt":"2019-03-09T08:57:44","guid":{"rendered":"http:\/\/cadvoile.fr\/?page_id=2287"},"modified":"2020-07-16T09:43:37","modified_gmt":"2020-07-16T07:43:37","slug":"%ef%bb%bfnotre-voilier-sappelle-ohana","status":"publish","type":"page","link":"https:\/\/cadvoile.fr\/?page_id=2287","title":{"rendered":"VOILIER"},"content":{"rendered":"\n<p><\/p>\n\n\n\n<p style=\"color:#911010\" class=\"has-text-color has-text-align-center\"><strong> Notre voilier s&#8217;appelle OHANA. <\/strong><\/p>\n\n\n\n<p class=\"has-text-align-center\"><strong>&#8220;<em>Ohana<\/em> signifie famille,<\/strong><br \/><strong>Famille signifie que personne ne doit \u00eatre abandonn\u00e9, ni oubli\u00e9.&#8221;<\/strong> <br \/>(les fans de Walt Disney reconna\u00eetront la source &#8230;) <\/p>\n\n\n\n<div class=\"wp-block-image\"><figure class=\"aligncenter\"><img loading=\"lazy\" decoding=\"async\" width=\"300\" height=\"123\" src=\"http:\/\/cadvoile.fr\/wp-content\/uploads\/2019\/04\/ohana-texte-300x123.jpg\" alt=\"\" class=\"wp-image-3470\" srcset=\"https:\/\/cadvoile.fr\/wp-content\/uploads\/2019\/04\/ohana-texte-300x123.jpg 300w, https:\/\/cadvoile.fr\/wp-content\/uploads\/2019\/04\/ohana-texte.jpg 326w\" sizes=\"auto, (max-width: 300px) 100vw, 300px\" \/><\/figure><\/div>\n\n\n\n<p class=\"has-text-align-center\">  Un magnifique nom hawa\u00efen riche de sens ! <br \/>En effet, que de belles rencontres au sein de notre association et lors des sorties en mer !<br \/><br \/><\/p>\n\n\n\n<p style=\"color:#911010\" class=\"has-text-color has-text-align-center\"><strong>Pr\u00e9sentation du voilier <\/strong><\/p>\n\n\n\n<p class=\"has-text-align-left\">Acquis en juin 2016 gr\u00e2ce \u00e0 l&#8217;AS CEA Cadarache, notre Elan 350 est&nbsp; un monocoque de course-croisi\u00e8re construit en 2010.  <br \/>Il mesure de 10.5 m\u00e8tres de long et poss\u00e8de 8 couchettes (dont 3 cabines doubles),  ce qui permet \u00e0 6 personnes de naviguer confortablement sur  plusieurs jours.  <br \/><\/p>\n\n\n\n<p class=\"has-text-align-center\"> Brochure avec caract\u00e9ristiques du voilier : <a rel=\"noreferrer noopener\" href=\"http:\/\/cadvoile.fr\/wp-content\/uploads\/2010\/05\/ELAN_350_brochure.pdf\" target=\"_blank\">ici<\/a><br \/>Pour plus d&#8217;information technique voir la page <a href=\"http:\/\/cadvoile.fr\/?page_id=2317\" target=\"_blank\" rel=\"noreferrer noopener\" aria-label=\"Activit\u00e9\/Entretien du voilier (s\u2019ouvre dans un nouvel onglet)\">Activit\u00e9\/Entretien du voilier<\/a><br \/> Visite et test du voilier (version 2 cabines) : <a rel=\"noreferrer noopener\" href=\"https:\/\/www.youtube.com\/watch?v=5x2sk3LmFKE\" target=\"_blank\">ici<\/a><br \/><br \/><\/p>\n\n\n\n<div class=\"wp-block-image\"><figure class=\"aligncenter is-resized\"><a href=\"https:\/\/2.bp.blogspot.com\/-g32YMP50YKk\/XGwqfW5NLsI\/AAAAAAAAAKM\/qaJyzkk2Vs0X-SsK8ikutai_mpp6UFUcQCLcBGAs\/s1600\/ohana2.jpg\"><img loading=\"lazy\" decoding=\"async\" src=\"https:\/\/2.bp.blogspot.com\/-g32YMP50YKk\/XGwqfW5NLsI\/AAAAAAAAAKM\/qaJyzkk2Vs0X-SsK8ikutai_mpp6UFUcQCLcBGAs\/s640\/ohana2.jpg\" alt=\"\" width=\"480\" height=\"300\"\/><\/a><\/figure><\/div>\n\n\n\n<p class=\"has-text-align-center\"> <br \/>Et pour ce beau voilier, un magnifique \u00e9crin : la <strong>calanque de Port-Miou&nbsp;<\/strong><br \/> (signifie &#8220;meilleur port&#8221; en proven\u00e7al) \u00e0 Cassis.<\/p>\n\n\n\n<div class=\"wp-block-image\"><figure class=\"aligncenter\"><img loading=\"lazy\" decoding=\"async\" width=\"300\" height=\"225\" src=\"http:\/\/cadvoile.fr\/wp-content\/uploads\/2019\/04\/cassis-port-miou-2-300x225.jpg\" alt=\"\" class=\"wp-image-3413\" srcset=\"https:\/\/cadvoile.fr\/wp-content\/uploads\/2019\/04\/cassis-port-miou-2-300x225.jpg 300w, https:\/\/cadvoile.fr\/wp-content\/uploads\/2019\/04\/cassis-port-miou-2-600x450.jpg 600w, https:\/\/cadvoile.fr\/wp-content\/uploads\/2019\/04\/cassis-port-miou-2-120x90.jpg 120w, https:\/\/cadvoile.fr\/wp-content\/uploads\/2019\/04\/cassis-port-miou-2.jpg 640w\" sizes=\"auto, (max-width: 300px) 100vw, 300px\" \/><\/figure><\/div>\n\n\n\n<p class=\"has-text-align-center\"> Vid\u00e9o de la calanque : <a rel=\"noreferrer noopener\" href=\"https:\/\/www.youtube.com\/watch?time_continue=13&amp;v=CwAW89WAS0g\" target=\"_blank\">ici<\/a> <br \/> Pour s&#8217;y rendre : <a href=\"https:\/\/www.google.com\/maps\/place\/Club+Nautique+de+Port+Miou\/@43.2079373,5.5165603,17z\/data=!3m1!4b1!4m5!3m4!1s0x12c9ba8970873b95:0x12915e4bf661fea8!8m2!3d43.2079373!4d5.518749\" target=\"_blank\" rel=\"noreferrer noopener\" aria-label=\"ici (s\u2019ouvre dans un nouvel onglet)\">ici<\/a><br \/><br \/><\/p>\n\n\n\n<p style=\"color:#911010\" class=\"has-text-color has-text-align-center\"><strong>Nos anciens voiliers <\/strong><\/p>\n\n\n\n<p class=\"has-text-align-center\">De bien belles aventures avec eux aussi ! <br \/>Pour partir \u00e0 leur rencontre : <a href=\"http:\/\/cadvoile.fr\/?page_id=2451\">ici<\/a><\/p>\n","protected":false},"excerpt":{"rendered":"<p>Notre voilier s&#8217;appelle OHANA. &#8220;Ohana signifie famille,Famille signifie que personne ne doit \u00eatre abandonn\u00e9, ni oubli\u00e9.&#8221; (les fans de Walt Disney reconna\u00eetront la source &#8230;) Un magnifique nom hawa\u00efen riche de sens ! En effet, que de belles rencontres au sein de notre association et lors des sorties en mer ! Pr\u00e9sentation du voilier Acquis&hellip;<\/p>\n","protected":false},"author":1,"featured_media":0,"parent":0,"menu_order":0,"comment_status":"closed","ping_status":"closed","template":"","meta":{"_s2mail":"no","footnotes":""},"class_list":["post-2287","page","type-page","status-publish","hentry"],"_links":{"self":[{"href":"https:\/\/cadvoile.fr\/index.php?rest_route=\/wp\/v2\/pages\/2287","targetHints":{"allow":["GET"]}}],"collection":[{"href":"https:\/\/cadvoile.fr\/index.php?rest_route=\/wp\/v2\/pages"}],"about":[{"href":"https:\/\/cadvoile.fr\/index.php?rest_route=\/wp\/v2\/types\/page"}],"author":[{"embeddable":true,"href":"https:\/\/cadvoile.fr\/index.php?rest_route=\/wp\/v2\/users\/1"}],"replies":[{"embeddable":true,"href":"https:\/\/cadvoile.fr\/index.php?rest_route=%2Fwp%2Fv2%2Fcomments&post=2287"}],"version-history":[{"count":34,"href":"https:\/\/cadvoile.fr\/index.php?rest_route=\/wp\/v2\/pages\/2287\/revisions"}],"predecessor-version":[{"id":4253,"href":"https:\/\/cadvoile.fr\/index.php?rest_route=\/wp\/v2\/pages\/2287\/revisions\/4253"}],"wp:attachment":[{"href":"https:\/\/cadvoile.fr\/index.php?rest_route=%2Fwp%2Fv2%2Fmedia&parent=2287"}],"curies":[{"name":"wp","href":"https:\/\/api.w.org\/{rel}","templated":true}]}}