{"id":2339,"date":"2019-03-10T09:03:10","date_gmt":"2019-03-10T08:03:10","guid":{"rendered":"http:\/\/cadvoile.fr\/?page_id=2339"},"modified":"2022-07-10T19:46:29","modified_gmt":"2022-07-10T17:46:29","slug":"comite-directeur","status":"publish","type":"page","link":"https:\/\/cadvoile.fr\/?page_id=2339","title":{"rendered":"COMITE DIRECTEUR"},"content":{"rendered":"\n<p><\/p>\n\n\n\n<p class=\"has-text-align-left\">Le  Comit\u00e9 Directeur est tr\u00e8s actif toute l&#8217;ann\u00e9e en prenant notamment  les  d\u00e9cisions pour le planning, le budget, l&#8217;achat, l&#8217;administration et  la  nomination des membres du Bureau.<br \/>  &nbsp;  <\/p>\n\n\n\n<ul class=\"wp-block-list\"><li>Guillaume Basso<\/li><li>Gaetan Billon<\/li><li>Eric Caroff<\/li><li>St\u00e9phane Corcuff<\/li><li>Dominique Drapeau<\/li><li>Mickael Gery <\/li><li>Joseph Huret<\/li><li>Gr\u00e9goire Louvet<\/li><li>Carole Paravisini<\/li><li>Thierry Rainard<\/li><li>Mary-Carmen Senfaute<\/li><li>Antoine Sirinelli<\/li><li>Alain Vivet <\/li><\/ul>\n\n\n\n<p>Membres invit\u00e9s :<\/p>\n\n\n\n<ul class=\"wp-block-list\"><li>Arthur L\u00e9veque<\/li><\/ul>\n\n\n\n<p class=\"has-text-align-left\">Le Comit\u00e9 Directeur est \u00e9lu lors de l&#8217;Assembl\u00e9e G\u00e9n\u00e9rale qui a lieu une fois par an (janvier). \u00a0<br \/><br \/> Compte-rendus des Assembl\u00e9es G\u00e9n\u00e9rales : ils peuvent vous \u00eatre transmis sur simple demande aupr\u00e8s du Secr\u00e9tariat (Joseph &#8211; 04 42 19 97 48 &#8211; <a href=\"secretariat@cadvoile.fr\">secretariat@cadvoile.fr<\/a>)  <\/p>\n\n\n\n<p>Pour envoyer un email \u00e0 tous les membres du Comit\u00e9 Directeur : <a href=\"cadvoile-cd@framaliste.org\">cadvoile-cd@framaliste.org<\/a><\/p>\n","protected":false},"excerpt":{"rendered":"<p>Le Comit\u00e9 Directeur est tr\u00e8s actif toute l&#8217;ann\u00e9e en prenant notamment les d\u00e9cisions pour le planning, le budget, l&#8217;achat, l&#8217;administration et la nomination des membres du Bureau. &nbsp; Guillaume Basso Gaetan Billon Eric Caroff St\u00e9phane Corcuff Dominique Drapeau Mickael Gery Joseph Huret Gr\u00e9goire Louvet Carole Paravisini Thierry Rainard Mary-Carmen Senfaute Antoine Sirinelli Alain Vivet Membres&hellip;<\/p>\n","protected":false},"author":1,"featured_media":0,"parent":0,"menu_order":0,"comment_status":"closed","ping_status":"closed","template":"","meta":{"_s2mail":"yes","footnotes":""},"class_list":["post-2339","page","type-page","status-publish","hentry"],"_links":{"self":[{"href":"https:\/\/cadvoile.fr\/index.php?rest_route=\/wp\/v2\/pages\/2339","targetHints":{"allow":["GET"]}}],"collection":[{"href":"https:\/\/cadvoile.fr\/index.php?rest_route=\/wp\/v2\/pages"}],"about":[{"href":"https:\/\/cadvoile.fr\/index.php?rest_route=\/wp\/v2\/types\/page"}],"author":[{"embeddable":true,"href":"https:\/\/cadvoile.fr\/index.php?rest_route=\/wp\/v2\/users\/1"}],"replies":[{"embeddable":true,"href":"https:\/\/cadvoile.fr\/index.php?rest_route=%2Fwp%2Fv2%2Fcomments&post=2339"}],"version-history":[{"count":22,"href":"https:\/\/cadvoile.fr\/index.php?rest_route=\/wp\/v2\/pages\/2339\/revisions"}],"predecessor-version":[{"id":4370,"href":"https:\/\/cadvoile.fr\/index.php?rest_route=\/wp\/v2\/pages\/2339\/revisions\/4370"}],"wp:attachment":[{"href":"https:\/\/cadvoile.fr\/index.php?rest_route=%2Fwp%2Fv2%2Fmedia&parent=2339"}],"curies":[{"name":"wp","href":"https:\/\/api.w.org\/{rel}","templated":true}]}}