{"id":2341,"date":"2019-03-10T09:10:35","date_gmt":"2019-03-10T08:10:35","guid":{"rendered":"http:\/\/cadvoile.fr\/?page_id=2341"},"modified":"2022-07-10T18:59:33","modified_gmt":"2022-07-10T16:59:33","slug":"bureau","status":"publish","type":"page","link":"https:\/\/cadvoile.fr\/?page_id=2341","title":{"rendered":"BUREAU"},"content":{"rendered":"\n<p><\/p>\n\n\n\n<p class=\"has-text-align-left\">Le bureau joue un r\u00f4le pr\u00e9pond\u00e9rant au sein de la section,&nbsp; notamment en g\u00e9rant l&#8217;administratif et en faisant le lien avec nos partenaires.<br \/><br \/><\/p>\n\n\n\n<div class=\"wp-block-media-text alignwide\" style=\"grid-template-columns:16% auto\"><figure class=\"wp-block-media-text__media\"><img loading=\"lazy\" decoding=\"async\" width=\"80\" height=\"80\" src=\"http:\/\/cadvoile.fr\/wp-content\/uploads\/2019\/03\/logo-profil-png-4-80x80.png\" alt=\"\" class=\"wp-image-2344\"\/><\/figure><div class=\"wp-block-media-text__content\">\n<p> Pr\u00e9sident : Gr\u00e9goire LOUVET<br \/><a href=\"mailto:president@cadvoile.fr\">president@cadvoile.fr<\/a><br \/><\/p>\n<\/div><\/div>\n\n\n\n<div class=\"wp-block-media-text alignwide\" style=\"grid-template-columns:16% auto\"><figure class=\"wp-block-media-text__media\"><img loading=\"lazy\" decoding=\"async\" width=\"80\" height=\"80\" src=\"http:\/\/cadvoile.fr\/wp-content\/uploads\/2019\/03\/logo-profil-png-4-80x80.png\" alt=\"\" class=\"wp-image-2344\"\/><\/figure><div class=\"wp-block-media-text__content\">\n<p>Vice-Pr\u00e9sident : Thierry RAINARD<br \/><a href=\"vice-president@cadvoile.fr\">vice-preside<\/a><a href=\"mailto:vice-president@cadvoile.fr\">n<\/a><a href=\"vice-president@cadvoile.fr\">t@cadvoile.fr<\/a><br \/>04 42 25 79 76<\/p>\n<\/div><\/div>\n\n\n\n<div class=\"wp-block-media-text alignwide\" style=\"grid-template-columns:16% auto\"><figure class=\"wp-block-media-text__media\"><img loading=\"lazy\" decoding=\"async\" width=\"80\" height=\"80\" src=\"http:\/\/cadvoile.fr\/wp-content\/uploads\/2019\/03\/logo-profil-png-4-80x80.png\" alt=\"\" class=\"wp-image-2344\"\/><\/figure><div class=\"wp-block-media-text__content\">\n<p>Tr\u00e9sorier : Eric CAROFF<br \/><a href=\"mailto:tresorier@cadvoile.fr\">tresorier@cadvoile.fr<\/a><br \/><br \/><\/p>\n<\/div><\/div>\n\n\n\n<div class=\"wp-block-media-text alignwide\" style=\"grid-template-columns:16% auto\"><figure class=\"wp-block-media-text__media\"><img loading=\"lazy\" decoding=\"async\" width=\"80\" height=\"80\" src=\"http:\/\/cadvoile.fr\/wp-content\/uploads\/2019\/03\/logo-profil-png-4-80x80.png\" alt=\"\" class=\"wp-image-2344\"\/><\/figure><div class=\"wp-block-media-text__content\">\n<p> Tr\u00e9sorier adjoint : Ga\u00e9tan BILLON<br \/><a href=\"mailto:tresorier-adjoint@cadvoile.fr\">tresorier-adjoint@cadvoile.fr<\/a><br \/><\/p>\n<\/div><\/div>\n\n\n\n<div class=\"wp-block-media-text alignwide\" style=\"grid-template-columns:16% auto\"><figure class=\"wp-block-media-text__media\"><img loading=\"lazy\" decoding=\"async\" width=\"80\" height=\"80\" src=\"http:\/\/cadvoile.fr\/wp-content\/uploads\/2019\/03\/logo-profil-png-4-80x80.png\" alt=\"\" class=\"wp-image-2344\"\/><\/figure><div class=\"wp-block-media-text__content\">\n<p>Secr\u00e9taire : Joseph HURET <br \/><a href=\"mailto:secretariat@cadvoile.fr\">secretariat@cadvoile.fr<\/a><br \/> 04 42 25 97 48 <\/p>\n<\/div><\/div>\n\n\n\n<div class=\"wp-block-media-text alignwide\" style=\"grid-template-columns:16% auto\"><figure class=\"wp-block-media-text__media\"><img loading=\"lazy\" decoding=\"async\" width=\"80\" height=\"80\" src=\"http:\/\/cadvoile.fr\/wp-content\/uploads\/2019\/03\/logo-profil-png-4-80x80.png\" alt=\"\" class=\"wp-image-2344\"\/><\/figure><div class=\"wp-block-media-text__content\">\n<p> Secr\u00e9taire adjoint : Antoine SIRINELLI<br \/><a href=\"mailto:antoine.sirinelli@iter.org\">antoine.sirinelli@iter.org<\/a><br \/> <\/p>\n<\/div><\/div>\n\n\n\n<p class=\"has-text-align-left\"><br \/>Le Bureau est \u00e9lu chaque d\u00e9but d&#8217;ann\u00e9e par le Comit\u00e9 Directeur. <br \/>Plus d&#8217;informations sur le Comit\u00e9 Directeur : <a href=\"http:\/\/cadvoile.fr\/?page_id=2339\">ici<\/a><\/p>\n","protected":false},"excerpt":{"rendered":"<p>Le bureau joue un r\u00f4le pr\u00e9pond\u00e9rant au sein de la section,&nbsp; notamment en g\u00e9rant l&#8217;administratif et en faisant le lien avec nos partenaires. Pr\u00e9sident : Gr\u00e9goire LOUVETpresident@cadvoile.fr Vice-Pr\u00e9sident : Thierry RAINARDvice-president@cadvoile.fr04 42 25 79 76 Tr\u00e9sorier : Eric CAROFFtresorier@cadvoile.fr Tr\u00e9sorier adjoint : Ga\u00e9tan BILLONtresorier-adjoint@cadvoile.fr Secr\u00e9taire : Joseph HURET secretariat@cadvoile.fr 04 42 25 97 48 Secr\u00e9taire&hellip;<\/p>\n","protected":false},"author":1,"featured_media":0,"parent":0,"menu_order":0,"comment_status":"closed","ping_status":"closed","template":"","meta":{"_s2mail":"yes","footnotes":""},"class_list":["post-2341","page","type-page","status-publish","hentry"],"_links":{"self":[{"href":"https:\/\/cadvoile.fr\/index.php?rest_route=\/wp\/v2\/pages\/2341","targetHints":{"allow":["GET"]}}],"collection":[{"href":"https:\/\/cadvoile.fr\/index.php?rest_route=\/wp\/v2\/pages"}],"about":[{"href":"https:\/\/cadvoile.fr\/index.php?rest_route=\/wp\/v2\/types\/page"}],"author":[{"embeddable":true,"href":"https:\/\/cadvoile.fr\/index.php?rest_route=\/wp\/v2\/users\/1"}],"replies":[{"embeddable":true,"href":"https:\/\/cadvoile.fr\/index.php?rest_route=%2Fwp%2Fv2%2Fcomments&post=2341"}],"version-history":[{"count":29,"href":"https:\/\/cadvoile.fr\/index.php?rest_route=\/wp\/v2\/pages\/2341\/revisions"}],"predecessor-version":[{"id":4360,"href":"https:\/\/cadvoile.fr\/index.php?rest_route=\/wp\/v2\/pages\/2341\/revisions\/4360"}],"wp:attachment":[{"href":"https:\/\/cadvoile.fr\/index.php?rest_route=%2Fwp%2Fv2%2Fmedia&parent=2341"}],"curies":[{"name":"wp","href":"https:\/\/api.w.org\/{rel}","templated":true}]}}