{"id":2468,"date":"2019-03-22T09:13:21","date_gmt":"2019-03-22T08:13:21","guid":{"rendered":"http:\/\/cadvoile.fr\/?page_id=2468"},"modified":"2019-04-17T19:33:51","modified_gmt":"2019-04-17T17:33:51","slug":"site-internet","status":"publish","type":"page","link":"https:\/\/cadvoile.fr\/?page_id=2468","title":{"rendered":"SITE INTERNET"},"content":{"rendered":"\n<p style=\"text-align:center\"><strong>COMMENT \u00caTRE INFORM\u00c9&nbsp;DES ACTUALIT\u00c9S<\/strong><\/p>\n\n\n\n<p style=\"text-align:left\">\n\nEn adh\u00e9rant, vous \u00eates automatiquement inscrit(e) pour recevoir une notification par mail d\u00e8s la publication d&#8217;un nouvel article (si vous ne le souhaitez pas, il suffit de le pr\u00e9ciser sur votre bulletin d&#8217;adh\u00e9sion ou de pr\u00e9venir notre webmaster : <a rel=\"noreferrer noopener\" href=\"mailto:Webmaster@cadvoile.fr\" target=\"_blank\">webmaster@cadvoile.fr<\/a>).\n\n<\/p>\n\n\n\n<p style=\"text-align:center\"><strong>RECHERCHER UNE INFORMATION SUR LE SITE<\/strong><\/p>\n\n\n\n<p>3 possibilit\u00e9s : onglets, &#8220;th\u00e8mes&#8221; et &#8220;recherche&#8221;.<br \/>* Onglets ou pages (ci-dessus) : en fonction du th\u00e8me choisi, cliquez directement sur l&#8217;onglet concern\u00e9.<br \/>* &#8220;Th\u00e8mes&#8221; (\u00e0 droite de la page) : cliquez sur la fl\u00e8che \u00e0 droite de &#8220;S\u00e9lectionner une cat\u00e9gorie&#8221; puis, dans le menu d\u00e9roulant, s\u00e9lectionnez votre th\u00e8me en cliquant sur la cat\u00e9gorie choisie. <em>Cette recherche s&#8217;effectuera uniquement sur les actualit\u00e9s<\/em>.<br \/>* &#8220;Recherche&#8221; (\u00e0 droite de la page) : dans le rectangle vide, \u00e9crivez un mot puis cliquez sur &#8220;recherche&#8221;. <em>Cette recherche s&#8217;effectuera sur l&#8217;ensemble du site<\/em>.<\/p>\n\n\n\n<p style=\"text-align:center\"><strong>T\u00c9L\u00c9CHARGER UN DOCUMENT<\/strong><\/p>\n\n\n\n<p>Lorsque vous avez cliqu\u00e9 sur un lien qui m\u00e8ne vers un document, voici la mani\u00e8re de le t\u00e9l\u00e9charger sur votre ordinateur : <br \/>Une fois que vous voyez le document appara\u00eetre sur votre \u00e9cran, cliquez sur le bouton &#8220;t\u00e9l\u00e9charger&#8221; (en haut \u00e0 droite). <br \/>Puis, lorsque la fen\u00eatre appara\u00eet, autorisez le t\u00e9l\u00e9chargement en cliquant sur &#8220;ok&#8221;. <br \/>Une nouvelle fen\u00eatre appara\u00eet, s\u00e9lectionnez l&#8217;espace de votre ordinateur o\u00f9 vous souhaitez enregistrer le document puis cliquez sur &#8220;enregistrer&#8221;. <br \/>Le document est alors t\u00e9l\u00e9charg\u00e9 dans l&#8217;espace de l&#8217;ordinateur choisi. <br \/><br \/><\/p>\n\n\n\n<p style=\"text-align:center\"><strong>\u00c9CRIRE UN COMMENTAIRE<\/strong><br \/><\/p>\n\n\n\n<p style=\"text-align:left\">Pour laisser un commentaire sur une actualit\u00e9, rendez vous en bas de la page de l&#8217;article et laissez votre commentaire dans le rectangle vide en dessous de &#8220;commentaire&#8221;. <br \/>Puis, renseignez les informations qui se trouvent dessous (nom et mail -&gt; a<em>ucun commentaire anonyme n&#8217;est accept\u00e9<\/em>) et, pour publier le message, cliquez sur &#8220;laisser un commentaire&#8221;.<br \/>Votre commentaire sera visible d\u00e8s que le webmaster l&#8217;aura valid\u00e9. Si au bout de quelques jours, votre commentaire n&#8217;est pas visible, merci de le contacter : <a rel=\"noreferrer noopener\" href=\"mailto:Webmaster@cadvoile.fr\" target=\"_blank\">webmaster@cadvoile.fr<\/a> <br \/>Lorsqu&#8217;une actualit\u00e9 a plus de 3 mois, il n&#8217;est plus possible de la commenter.<br \/>   <br \/><br \/><\/p>\n\n\n\n<p><\/p>\n\n\n\n<div class=\"wp-block-image\"><figure class=\"aligncenter\"><a href=\"https:\/\/3.bp.blogspot.com\/-1EnIk90x0wU\/XGx-47LcbHI\/AAAAAAAAAL4\/agJHpF1DN10TNdHPa0fvCGu69l2gGnxmQCLcBGAs\/s1600\/internet.jpg\"><img loading=\"lazy\" decoding=\"async\" width=\"300\" height=\"285\" src=\"http:\/\/cadvoile.fr\/wp-content\/uploads\/2019\/04\/man-1459246_640-300x285.png\" alt=\"\" class=\"wp-image-3143\" srcset=\"https:\/\/cadvoile.fr\/wp-content\/uploads\/2019\/04\/man-1459246_640-300x285.png 300w, https:\/\/cadvoile.fr\/wp-content\/uploads\/2019\/04\/man-1459246_640-600x570.png 600w, https:\/\/cadvoile.fr\/wp-content\/uploads\/2019\/04\/man-1459246_640.png 640w\" sizes=\"auto, (max-width: 300px) 100vw, 300px\" \/><\/a><\/figure><\/div>\n\n\n\n<p style=\"text-align:center\"><strong>Pour toute question ou suggestion d&#8217;am\u00e9lioration ou signalement de dysfonctionnement,<\/strong><br \/><strong>n&#8217;h\u00e9sitez pas \u00e0 contacter Eric, notre webmaster : <\/strong> <a href=\"mailto:Webmaster@cadvoile.fr\">webmaster@cadvoile.fr<\/a><br \/><br \/><\/p>\n\n\n\n<p style=\"text-align:center\" class=\"has-text-color has-background has-vivid-red-color has-very-light-gray-background-color\"><strong>Politique de confidentialit\u00e9<\/strong><\/p>\n\n\n\n<h2 class=\"wp-block-heading\">Qui sommes-nous&nbsp;?<\/h2>\n\n\n\n<p>ASCEA section Voile&nbsp;<br \/>B\u00e2timent 103 \u2013 13108 Saint Paul lez Durance Cedex, 044225<br \/>Directeur de publication:&nbsp; Eric CAROFF<br \/>Contact : <a href=\"mailto:Webmaster@cadvoile.fr\">webmaster@cadvoile.fr<\/a>&nbsp;<\/p>\n\n\n\n<p>Hebergeur: Notre site Web <a href=\"http:\/\/cadvoile.fr\">cadvoile.fr<\/a> et ses sous sites sont h\u00e9berg\u00e9s par <a href=\"https:\/\/www.ovh.com\/fr\/support\/mentions-legales\/\">OVH<\/a>:<\/p>\n\n\n\n<p>L&#8217;ASCEA Section voile est une section de l&#8217;Association Sportive CEA Cadarache,<br \/>Association \u00e0 but non lucratif qui rel\u00e8ve de la loi du 1er juillet 1901,&nbsp; d\u00e9clar\u00e9e \u00e0 la sous-pr\u00e9fecture d\u2019Aix en Provence le 17\/11\/1961 sous le num\u00e9ro 2592.<br \/>Site Web: &nbsp;<a href=\"http:\/\/asceacad.fr\/\">http:\/\/asceacad.fr\/<\/a><\/p>\n\n\n\n<h2 class=\"wp-block-heading\">Utilisation des donn\u00e9es personnelles collect\u00e9e<\/h2>\n\n\n\n<h3 class=\"wp-block-heading\">Commentaires<\/h3>\n\n\n\n<p>Quand vous laissez un commentaire sur notre site web, les donn\u00e9es inscrites dans le formulaire de commentaire, mais aussi votre adresse IP et l\u2019agent utilisateur de votre navigateur sont collect\u00e9s pour nous aider \u00e0 la d\u00e9tection des commentaires ind\u00e9sirables.<\/p>\n\n\n\n<p>Une cha\u00eene anonymis\u00e9e cr\u00e9\u00e9e \u00e0 partir de votre adresse de messagerie (\u00e9galement appel\u00e9e hash) peut \u00eatre envoy\u00e9e au service Gravatar pour v\u00e9rifier si vous utilisez ce dernier. Les clauses de confidentialit\u00e9 du service Gravatar sont disponibles ici&nbsp;: https:\/\/automattic.com\/privacy\/. Apr\u00e8s validation de votre commentaire, votre photo de profil sera visible publiquement \u00e0 cot\u00e9 de votre commentaire.<\/p>\n\n\n\n<h3 class=\"wp-block-heading\">M\u00e9dias<\/h3>\n\n\n\n<p>Si vous \u00eates un utilisateur ou une utilisatrice enregistr\u00e9\u00b7e et que vous t\u00e9l\u00e9versez des images sur le site web, nous vous conseillons d\u2019\u00e9viter de t\u00e9l\u00e9verser des images contenant des donn\u00e9es EXIF de coordonn\u00e9es GPS. Les visiteurs de votre site web peuvent t\u00e9l\u00e9charger et extraire des donn\u00e9es de localisation depuis ces images.<\/p>\n\n\n\n<h3 class=\"wp-block-heading\">Formulaires de contact<\/h3>\n\n\n\n<h3 class=\"wp-block-heading\">Cookies<\/h3>\n\n\n\n<p>Si vous d\u00e9posez un commentaire sur notre site, il vous sera propos\u00e9 d\u2019enregistrer votre nom, adresse de messagerie et site web dans des cookies. C\u2019est uniquement pour votre confort afin de ne pas avoir \u00e0 saisir ces informations si vous d\u00e9posez un autre commentaire plus tard. Ces cookies expirent au bout d\u2019un an.<\/p>\n\n\n\n<p>Si vous avez un compte et que vous vous connectez sur ce site, un cookie temporaire sera cr\u00e9\u00e9 afin de d\u00e9terminer si votre navigateur accepte les cookies. Il ne contient pas de donn\u00e9es personnelles et sera supprim\u00e9 automatiquement \u00e0 la fermeture de votre navigateur.<\/p>\n\n\n\n<p>Lorsque vous vous connecterez, nous mettrons en place un certain nombre de cookies pour enregistrer vos informations de connexion et vos pr\u00e9f\u00e9rences d\u2019\u00e9cran. La dur\u00e9e de vie d\u2019un cookie de connexion est de deux jours, celle d\u2019un cookie d\u2019option d\u2019\u00e9cran est d\u2019un an. Si vous cochez \u00ab&nbsp;Se souvenir de moi&nbsp;\u00bb, votre cookie de connexion sera conserv\u00e9 pendant deux semaines. Si vous vous d\u00e9connectez de votre compte, le cookie de connexion sera effac\u00e9.<\/p>\n\n\n\n<p>En modifiant ou en publiant une publication, un cookie suppl\u00e9mentaire sera enregistr\u00e9 dans votre navigateur. Ce cookie ne comprend aucune donn\u00e9e personnelle. Il indique simplement l\u2019ID de la publication que vous venez de modifier. Il expire au bout d\u2019un jour.<\/p>\n\n\n\n<h3 class=\"wp-block-heading\">Contenu embarqu\u00e9 depuis d\u2019autres sites<\/h3>\n\n\n\n<p>Les articles de ce site peuvent inclure des contenus int\u00e9gr\u00e9s (par exemple des vid\u00e9os, images, articles\u2026). Le contenu int\u00e9gr\u00e9 depuis d\u2019autres sites se comporte de la m\u00eame mani\u00e8re que si le visiteur se rendait sur cet autre site.<\/p>\n\n\n\n<p>Ces sites web pourraient collecter des donn\u00e9es sur vous, utiliser des cookies, embarquer des outils de suivis tiers, suivre vos interactions avec ces contenus embarqu\u00e9s si vous disposez d\u2019un compte connect\u00e9 sur leur site web.<\/p>\n\n\n\n<h3 class=\"wp-block-heading\">Statistiques et mesures d\u2019audience<\/h3>\n\n\n\n<h2 class=\"wp-block-heading\">Utilisation et transmission de vos donn\u00e9es personnelles<\/h2>\n\n\n\n<h2 class=\"wp-block-heading\">Dur\u00e9es de stockage de vos donn\u00e9es<\/h2>\n\n\n\n<p>Si vous laissez un commentaire, le commentaire et ses m\u00e9tadonn\u00e9es sont conserv\u00e9s ind\u00e9finiment. Cela permet de reconna\u00eetre et approuver automatiquement les commentaires suivants au lieu de les laisser dans la file de mod\u00e9ration.<\/p>\n\n\n\n<p>Pour les utilisateurs et utilisatrices qui s\u2019enregistrent sur notre site (si cela est possible), nous stockons \u00e9galement les donn\u00e9es personnelles indiqu\u00e9es dans leur profil. Tous les utilisateurs et utilisatrices peuvent voir, modifier ou supprimer leurs informations personnelles \u00e0 tout moment (\u00e0 l\u2019exception de leur nom d\u2019utilisateur\u00b7ice). Les gestionnaires du site peuvent aussi voir et modifier ces informations.<\/p>\n\n\n\n<h2 class=\"wp-block-heading\">Les droits que vous avez sur vos donn\u00e9es<\/h2>\n\n\n\n<p>Si vous avez un compte ou si vous avez laiss\u00e9 des commentaires sur le site, vous pouvez demander \u00e0 recevoir un fichier contenant toutes les donn\u00e9es personnelles que nous poss\u00e9dons \u00e0 votre sujet, incluant celles que vous nous avez fournies. Vous pouvez \u00e9galement demander la suppression des donn\u00e9es personnelles vous concernant. Cela ne prend pas en compte les donn\u00e9es stock\u00e9es \u00e0 des fins administratives, l\u00e9gales ou pour des raisons de s\u00e9curit\u00e9.<\/p>\n\n\n\n<p>Les demandes doivent \u00eatre faite \u00e0 L&#8217;adresse : <a href=\"mailto:Webmaster@cadvoile.fr\">Webmaster@cadvoile.fr<\/a>&nbsp;<\/p>\n\n\n\n<h2 class=\"wp-block-heading\">Transmission de vos donn\u00e9es personnelles<\/h2>\n\n\n\n<p>Les commentaires des visiteurs peuvent \u00eatre v\u00e9rifi\u00e9s \u00e0 l\u2019aide d\u2019un service automatis\u00e9 de d\u00e9tection des commentaires ind\u00e9sirables.<\/p>\n\n\n\n<h2 class=\"wp-block-heading\">Informations suppl\u00e9mentaires<\/h2>\n\n\n\n<h3 class=\"wp-block-heading\">Comment nous prot\u00e9geons vos donn\u00e9es<\/h3>\n\n\n\n<h3 class=\"wp-block-heading\">Proc\u00e9dures mises en \u0153uvre en cas de fuite de donn\u00e9es<\/h3>\n\n\n\n<h3 class=\"wp-block-heading\">Les services tiers qui nous transmettent des donn\u00e9es<\/h3>\n\n\n\n<h3 class=\"wp-block-heading\">Op\u00e9rations de marketing automatis\u00e9 et\/ou de profilage r\u00e9alis\u00e9es \u00e0 l\u2019aide des donn\u00e9es personnelles<\/h3>\n\n\n\n<h3 class=\"wp-block-heading\">Affichage des informations li\u00e9es aux secteurs soumis \u00e0 des r\u00e9gulations sp\u00e9cifiques<\/h3>\n\n\n\n<p style=\"text-align:center\">Nous vous remercions pour votre confiance et votre fid\u00e9lit\u00e9.&nbsp;&nbsp;\n\n<\/p>\n","protected":false},"excerpt":{"rendered":"<p>COMMENT \u00caTRE INFORM\u00c9&nbsp;DES ACTUALIT\u00c9S En adh\u00e9rant, vous \u00eates automatiquement inscrit(e) pour recevoir une notification par mail d\u00e8s la publication d&#8217;un nouvel article (si vous ne le souhaitez pas, il suffit de le pr\u00e9ciser sur votre bulletin d&#8217;adh\u00e9sion ou de pr\u00e9venir notre webmaster : webmaster@cadvoile.fr). RECHERCHER UNE INFORMATION SUR LE SITE 3 possibilit\u00e9s : onglets, &#8220;th\u00e8mes&#8221;&hellip;<\/p>\n","protected":false},"author":26,"featured_media":0,"parent":0,"menu_order":0,"comment_status":"closed","ping_status":"closed","template":"","meta":{"_s2mail":"","footnotes":""},"class_list":["post-2468","page","type-page","status-publish","hentry"],"_links":{"self":[{"href":"https:\/\/cadvoile.fr\/index.php?rest_route=\/wp\/v2\/pages\/2468","targetHints":{"allow":["GET"]}}],"collection":[{"href":"https:\/\/cadvoile.fr\/index.php?rest_route=\/wp\/v2\/pages"}],"about":[{"href":"https:\/\/cadvoile.fr\/index.php?rest_route=\/wp\/v2\/types\/page"}],"author":[{"embeddable":true,"href":"https:\/\/cadvoile.fr\/index.php?rest_route=\/wp\/v2\/users\/26"}],"replies":[{"embeddable":true,"href":"https:\/\/cadvoile.fr\/index.php?rest_route=%2Fwp%2Fv2%2Fcomments&post=2468"}],"version-history":[{"count":39,"href":"https:\/\/cadvoile.fr\/index.php?rest_route=\/wp\/v2\/pages\/2468\/revisions"}],"predecessor-version":[{"id":3513,"href":"https:\/\/cadvoile.fr\/index.php?rest_route=\/wp\/v2\/pages\/2468\/revisions\/3513"}],"wp:attachment":[{"href":"https:\/\/cadvoile.fr\/index.php?rest_route=%2Fwp%2Fv2%2Fmedia&parent=2468"}],"curies":[{"name":"wp","href":"https:\/\/api.w.org\/{rel}","templated":true}]}}